ppose 8*h + 2*m - 16 = 10*h, 0 = h - 2*m + 9. Determine f(h).
5
Let p = 4 - -8. Let h(b) = b - 1. Let q(s) = -4*s + 12. Let f(r) = p*h(r) + q(r). Let n be (-3)/(2/2) - -2. What is f(n)?
-8
Suppose 3*p - 14 = -5, t = p - 9. Let l be (2/(-3))/((-2)/t). Let z(i) = 3*i**2 + 4*i + 2. Give z(l).
6
Let c(u) = -7*u**3 + u**2 + 6*u - 1. Let b(w) = -w**3 + 2*w. Let f(h) = 3*b(h) - c(h). Calculate f(1).
4
Let o(b) = -b + 22. Let a(h) = 27*h - 44. Let p be a(2). Calculate o(p).
12
Let l = -8 - -3. Let h(a) be the third derivative of 0*a + 1/6*a**3 - 1/24*a**4 + 10*a**2 + 1/120*a**6 + 1/12*a**5 + 0. Give h(l).
6
Let s(h) = 6*h**2 + h - 2. Suppose -32 = 3*o - 26. Let b(r) = -r**2 - r + 1. Let k(l) = o*b(l) - s(l). Determine k(1).
-3
Let u(x) be the second derivative of -x**5/60 - 5*x**4/24 + x**3 - 11*x**2/2 + 7*x. Let s(c) be the first derivative of u(c). What is s(-5)?
6
Suppose 105 = -3*w + 99. Let k(y) = y**2 + 3. Calculate k(w).
7
Let c(q) = -48 + 9 + 14 + q + 9 + 17. Suppose 5*a = -5*k + 6*k - 22, 14 = -3*k - 5*a. Give c(k).
3
Let j(g) be the third derivative of 1/24*g**4 + 1/15*g**5 + 0 + 0*g + 25*g**2 + 0*g**3. What is j(1)?
5
Let n(h) be the second derivative of h**3/6 + 25*h**2/2 + 2*h - 12. What is n(-12)?
13
Let x be (-2 - 72/(-30))/((-24)/(-5)). Let w(s) be the second derivative of 0 + x*s**4 + 4/3*s**3 + 4*s**2 - 5*s. Give w(-6).
-4
Suppose -21 = -4*m + m + 5*z, m + 4 = -2*z. Let t(w) = -3 + m*w**3 + 2 - 1 + 0*w**3 + 2*w**2. Calculate t(-2).
-10
Let p(i) = i**2 - 12*i + 9. Let s = -549 - -557. Calculate p(s).
-23
Let h(z) = -5*z**2 + 11*z + 5. Let y be (-6)/(-15) - ((-48)/(-20) + 4). Let g(l) = -l**2 - 1. Let w(f) = y*g(f) + h(f). Give w(-9).
-7
Suppose 0*i + 4*i - 12 = 0. Suppose -i*n - n = 0. Let j(l) be the second derivative of l**5/20 + l**4/12 - l**3/6 + 11*l**2/2 - 2*l - 13. Determine j(n).
11
Let a(j) = -47*j**2 + 46*j**2 - 9 + 17*j - 4*j. Let s be a(13). Let h(i) = i**3 + 10*i**2 + 10*i + 11. Calculate h(s).
2
Let l(p) = 6*p + 11. Let n(h) = 8*h + 16. Let k(w) = 8*l(w) - 5*n(w). Give k(5).
48
Let r(o) be the first derivative of 4*o**2 - 2*o - 1. Let g be r(1). Let l(z) = g*z**2 + 0*z**2 - 7*z**2 - z - 2*z**2. Determine l(1).
-4
Let z(l) = -l**2 - l + 1. Let v be z(-1). Let w be ((0 - v) + 0)*1. Let c(t) = -13*t. What is c(w)?
13
Suppose 5*b + 9 - 34 = -a, -3*b = -4*a + 8. Let s(k) = -2*k**2 + 6*k. Give s(b).
-8
Let t(u) = 3*u**2 + 1 + 4 + 0*u - 4 - u**3 + 2*u. Let g = 10 + -1. Let y(x) = 3*x**2 - 27*x + 3. Let m be y(g). Give t(m).
7
Suppose -5*l + 15 = -i, 96*l = 99*l - 3. Let u(t) be the second derivative of -t**5/20 - 3*t**4/4 + 5*t**3/3 + 2*t**2 - 2*t. Calculate u(i).
4
Let q(b) = -3*b**3 - 22*b**2 + 5*b + 28. Let z(n) = -4*n**3 - 33*n**2 + 7*n + 42. Let s(d) = 7*q(d) - 5*z(d). What is s(11)?
-14
Let j(r) = -11*r**3 + 17*r**2 - 8*r - 2. Let f(x) = 14*x**3 - 20*x**2 + 9*x + 3. Let c(n) = -4*f(n) - 5*j(n). Determine c(-5).
-22
Let d(t) = 25*t**3 + 5*t**2 - 5*t - 12. Let a(r) = 21*r**3 + 4*r**2 - 4*r - 11. Let c(h) = 6*a(h) - 5*d(h). Let p be (1*-2)/2*0. Determine c(p).
-6
Suppose -2 = -2*b + 2. Let r(v) = -2*v + 7 - 2*v**2 + 3*v**b - 5*v. Suppose -8*m - 34 = -4*x - 3*m, 0 = -3*m - 6. Determine r(x).
1
Let n(u) be the third derivative of u**5/30 + u**4/12 + 7*u**3/6 + 5*u**2 + 10. Give n(4).
47
Suppose c - 28 + 36 = 2*l, -8 = -2*l - 5*c. Let n(i) = i**3 - 5*i**2 + 3*i + 8. Give n(l).
4
Let d(c) = c**3 - 11*c**2 + 13*c + 2. Let j(r) = 12*r**2 - 141*r - 26. Let t be j(12). What is d(t)?
32
Let r(v) = -4*v + 29. Let f be r(7). Let p(b) = b. Let q(n) = n - 1. Let i(z) = f*q(z) + 6*p(z). Let o be (-1)/(-3)*(-8 + 5). What is i(o)?
-8
Let w(j) be the first derivative of -j**4/4 - j**3/6 - 5*j**2 - 2. Let k(x) be the second derivative of w(x). Give k(1).
-7
Let o(c) = -5*c - 3 + 4*c + 7 + 2*c. Let y be o(10). Let m(j) = -j**2 - 4*j + 11*j - y + 10. Give m(6).
2
Let a(t) = 10*t**2 + 24*t + 52. Let x(o) = -3*o**2 - 8*o - 17. Let w(b) = -2*a(b) - 7*x(b). Let c be w(-7). Let k = 8 - c. Let m(u) = -u - 5. What is m(k)?
-5
Let h be 2/(-7) + (-391)/(-119). Let k(d) = d**2 + 2*d**3 + 7 - 3*d**h - 2*d**2 + 0*d**2. Determine k(0).
7
Let i(f) = f**2 + 5*f - 2. Let t(u) = -8*u - 22*u**2 - 4 + 21*u**2 - 3. Let j be t(-5). Suppose 4*h = -3*k - 24, -3*k = 2*k - 4*h + j. Determine i(k).
-6
Let d(v) = v + 2. Suppose -9*m = 4*k - 8*m + 12, 4*k = 5*m - 36. Calculate d(k).
-2
Let p(k) = -7*k - 6. Let f(w) = 16*w + 16. Let n(m) = 4*f(m) + 9*p(m). Determine n(9).
19
Let m be (-2)/3 + (-2)/6. Let h(c) be the first derivative of 1/2*c**2 + 3*c**3 + 15 + 0*c. Give h(m).
8
Let r = 209/6 + -104/3. Let o(n) be the second derivative of 1/12*n**4 + 3/2*n**2 + 0 + r*n**3 + 6*n. Determine o(-3).
9
Let n(a) = 11*a**3 - 7*a**2 + a - 14. Let w(r) = -5*r**3 + 3*r**2 - r + 6. Let m(y) = -2*n(y) - 5*w(y). Give m(1).
3
Let q(d) = d**2. Let h(c) = 6*c**2 + 2*c - 15. Let i(b) = -h(b) + 5*q(b). Calculate i(5).
-20
Let t(h) = 2*h**2 + 4*h + 3. Suppose 3*z + 4 = 5*z. Suppose z*d - 2 = -6. What is t(d)?
3
Let w = 1533 + -3059/2. Let r(t) be the first derivative of -w*t**2 + t - 1. Calculate r(-1).
8
Let j(v) be the third derivative of -11*v**6/120 + v**5/60 - v**4/12 + v**3/6 - v**2 - 153. Give j(1).
-11
Let b(p) be the first derivative of -2*p**3/3 + p**2/2 + 3*p - 6. Let r(i) be the first derivative of b(i). Suppose -h - 3*t = -8, -t = 3*h - 0*t. What is r(h)?
5
Let f(a) = -a**3 + 9*a**2 + 20*a - 4. Let d(y) = -y**3 + 10*y**2 + 19*y - 2. Let z(n) = -5*d(n) + 4*f(n). Calculate z(15).
-6
Let p be 2 + 3/(-1) - -3. Let x(y) = 4*y**p + 3*y**2 - 2*y**3 + 3 + 5*y**3 - 7*y - 4*y**3. Give x(6).
-3
Let b be (-23)/4 + ((-171)/(-36) - 5). Let t(f) = -f**3 - 7*f**2 - 8*f - 1. Calculate t(b).
11
Let z(h) = -9*h + 1. Let d be (9/(-6))/((-66)/(-44)). Give z(d).
10
Suppose 13 = -2*z - u, -18*u - 30 = 3*z - 20*u. Let s(c) = c**2 + 14*c + 20. What is s(z)?
-28
Suppose -4*j = 20, 10*f = 5*f - 5*j - 145. Let v be ((-16)/f)/((-2)/(-12)). Suppose -v*u + 6*u = -10. Let o(i) = -i**2 - 4*i + 1. Determine o(u).
-4
Let n = 51 - 56. Let r(f) = -14 + 16 - 19*f**2 - f + 18*f**2. Calculate r(n).
-18
Let t(p) = 3*p - 61. Let k(c) = 6*c - 118. Let n(h) = 4*k(h) - 7*t(h). Give n(15).
0
Let t(h) = -h - 4*h - 1 + 0 - 6. Determine t(-7).
28
Let n(q) = 2*q**3 - 76*q**2 + q - 39. Let v be n(38). Let z(h) = -h**3 + 4*h**2 - 4*h - 1. Let p(a) = -a**3 + a**2 - a. Let b(x) = 3*p(x) - z(x). Give b(v).
1
Suppose -f = -4*o + 28, 3*o + f - 16 = 12. Let w(z) = 2 + 7*z - o*z + 3. Let n(j) = j + 24. Let t be n(-17). Calculate w(t).
-2
Let g(y) be the third derivative of y**5/30 - 5*y**3/6 - 11*y**2. Let m be g(0). Let o(w) = w**2 + 3*w - 1. What is o(m)?
9
Let n(x) = x**3 - 4*x**2 + 2*x + 5. Let f(q) = -9 - 12 + 5*q + 20. Let m(z) = -2*z - 1. Let d be m(-1). Let r be f(d). Give n(r).
13
Let p = 343 + -331. Let u(g) = -g**3 + 13*g**2 - 12*g - 4. What is u(p)?
-4
Let h be 341/62 - 2/(-4). Let l(m) = 8*m - 5. Give l(h).
43
Let s(t) = -t**2 - 2*t - 1. Suppose 2*v + 0*v - 4 = 0. Suppose -v*z = 4*m + 2, -6 = -2*z + 3*m + m. Let x be (12/3 - z) + -1. What is s(x)?
-9
Let u(k) = 2*k**3 + 2*k**2 - 3*k - 3. Suppose -555*o + 558*o = -6. Calculate u(o).
-5
Suppose 3*t - 5*t = -10. Let u(y) = -y + 9. Let n be u(t). Let a(x) = -n*x + 5*x**3 - x**3 - 3 - 3*x**3. Give a(-2).
-3
Let n = 202 + -198. Let o(k) = -3*k + 4. Determine o(n).
-8
Let z(w) be the third derivative of w**6/60 - 4*w**5/15 + w**3/6 - 10*w**2. Let k be z(8). Let o(v) = 9*v**2 - v. Give o(k).
8
Suppose 0*q = 5*q - k - 25, 0 = 2*q - k - 13. Suppose -q*p + 14 - 6 = 0. Let j(b) = -3*b + 7*b**3 - p*b**3 + 3*b**2 + 0 + 3 - 6*b**3. Determine j(3).
-6
Suppose -7*w = 12 - 61. Let t(v) = -6*v + 14*v + w - v - 8*v. Determine t(9).
-2
Let o(j) = 2*j + 4 + j**3 + 1 + 0*j + 4*j**2. Suppose 2*t + 0*t + 4*y - 34 = 0, 5*t = 3*y + 20. Suppose -t = -4*s - 23. Calculate o(s).
-3
Let u(n) = -7*n - 1. Suppose -5*m - 25 = -0*m, -4*v - 4*m - 48 = 0. Let h(x) = 14 + 18 - 24 + x. Let o be h(v). Determine u(o).
-8
Suppose 9 = -2*g - 5*z, -6 = -g - 4*g - 3*z. Suppose -1 = k - g. Let r(m) = -4 - 4*m + 5*m - k*m - m. Determine r(-5).
6
Let l(g) be the first derivative of g**4/24 - g**3 - 5*g**2/2 - 18. Let k(j) be the second derivative of l(j). Calculate k(-5).
-11
Let d(b) be the second derivative of 19*b*